{"id":1065,"date":"2015-06-12T16:03:51","date_gmt":"2015-06-12T16:03:51","guid":{"rendered":"http:\/\/www.chiosco-verde.com\/?page_id=1065"},"modified":"2020-06-17T15:39:58","modified_gmt":"2020-06-17T15:39:58","slug":"des-geschmacks","status":"publish","type":"page","link":"https:\/\/caliciemare.com\/de\/frontpage\/des-geschmacks\/","title":{"rendered":"des Geschmacks"},"content":{"rendered":"\t<div class=\"gridable gridable--row\" >\n\t\t\n\t<div class=\"gridable--col col-6\" >\n\t\t\n<hgroup class=\"pixcode  pixcode--heading article__headline\">\n\t<h2 class=\"headline__secondary\"><span class=\"first-letter\">D<\/span>as Vergn\u00fcgen<\/h2>\n\t<h1 class=\"headline__primary\">des Geschmacks<\/h1>\n<\/hgroup>\n<hr class=\"pixcode  pixcode--separator  separator\"\/>\n<p style=\"text-align: center;\">Der Ausgangspunkt unserer K\u00fcche sind erstklassige, vorzugsweise regionale Zutaten. Unser Men\u00fc besteht aus zwei Teilen: Im ersten finden Sie die typischen Gerichte der klassischen regionalen und italienischen Tradition, im zweiten kochen wir nach unserem \u201ePunto di Vista\u201c und verbinden Fusion-K\u00fcche mit innovativer Zubereitung. Auf unserer Weinkarte  finden Sie 150 Weine, auch von italienischen und franz\u00f6sischen Top-Winzern, sowie Natur- und Bioweine. .<\/p>\n<p>&nbsp;<\/p>\n\t<\/div>\n\n\t<div class=\"gridable--col col-6\" >\n\t\t\n<p><a href=\"http:\/\/caliciemare.com\/wp-content\/uploads\/2020\/05\/primo-scaled.jpg\"><img fetchpriority=\"high\" decoding=\"async\" class=\"alignnone size-large wp-image-1227\" src=\"https:\/\/caliciemare.com\/wp-content\/uploads\/2020\/05\/primo-1024x914.jpg\" alt=\"\" width=\"960\" height=\"857\" srcset=\"https:\/\/caliciemare.com\/wp-content\/uploads\/2020\/05\/primo-1024x914.jpg 1024w, https:\/\/caliciemare.com\/wp-content\/uploads\/2020\/05\/primo-600x536.jpg 600w, https:\/\/caliciemare.com\/wp-content\/uploads\/2020\/05\/primo-300x268.jpg 300w, https:\/\/caliciemare.com\/wp-content\/uploads\/2020\/05\/primo-768x686.jpg 768w, https:\/\/caliciemare.com\/wp-content\/uploads\/2020\/05\/primo-1536x1371.jpg 1536w, https:\/\/caliciemare.com\/wp-content\/uploads\/2020\/05\/primo-2048x1829.jpg 2048w, https:\/\/caliciemare.com\/wp-content\/uploads\/2020\/05\/primo-1200x1071.jpg 1200w, https:\/\/caliciemare.com\/wp-content\/uploads\/2020\/05\/primo-900x804.jpg 900w, https:\/\/caliciemare.com\/wp-content\/uploads\/2020\/05\/primo-400x357.jpg 400w\" sizes=\"(max-width: 960px) 100vw, 960px\" \/><\/a><\/p>\n\t<\/div>\n\n\t<\/div>\n\n","protected":false},"excerpt":{"rendered":"Das Vergn\u00fcgen des Geschmacks Der Ausgangspunkt unserer K\u00fcche sind erstklassige, vorzugsweise regionale Zutaten. Unser Men\u00fc besteht aus zwei Teilen: Im ersten finden Sie die typischen Gerichte der klassischen regionalen und italienischen Tradition, im zweiten kochen wir nach unserem \u201ePunto di Vista\u201c und verbinden Fusion-K\u00fcche mit innovativer Zubereitung. Auf unserer Weinkarte finden Sie 150 Weine, auch [...]","protected":false},"author":1,"featured_media":1187,"parent":1061,"menu_order":1,"comment_status":"closed","ping_status":"closed","template":"","meta":{"footnotes":""},"class_list":["post-1065","page","type-page","status-publish","has-post-thumbnail","hentry"],"yoast_head":"<!-- This site is optimized with the Yoast SEO plugin v26.0 - https:\/\/yoast.com\/wordpress\/plugins\/seo\/ -->\n<title>des Geschmacks - Calici e mare<\/title>\n<meta name=\"robots\" content=\"index, follow, max-snippet:-1, max-image-preview:large, max-video-preview:-1\" \/>\n<link rel=\"canonical\" href=\"https:\/\/caliciemare.com\/de\/frontpage\/des-geschmacks\/\" \/>\n<meta property=\"og:locale\" content=\"de_DE\" \/>\n<meta property=\"og:type\" content=\"article\" \/>\n<meta property=\"og:title\" content=\"des Geschmacks - Calici e mare\" \/>\n<meta property=\"og:url\" content=\"https:\/\/caliciemare.com\/de\/frontpage\/des-geschmacks\/\" \/>\n<meta property=\"og:site_name\" content=\"Calici e mare\" \/>\n<meta property=\"article:modified_time\" content=\"2020-06-17T15:39:58+00:00\" \/>\n<meta property=\"og:image\" content=\"https:\/\/www.caliciemare.com\/wp-content\/uploads\/2020\/05\/16.jpg\" \/>\n\t<meta property=\"og:image:width\" content=\"2560\" \/>\n\t<meta property=\"og:image:height\" content=\"1920\" \/>\n\t<meta property=\"og:image:type\" content=\"image\/jpeg\" \/>\n<meta name=\"twitter:card\" content=\"summary_large_image\" \/>\n<script type=\"application\/ld+json\" class=\"yoast-schema-graph\">{\"@context\":\"https:\/\/schema.org\",\"@graph\":[{\"@type\":\"WebPage\",\"@id\":\"https:\/\/caliciemare.com\/de\/frontpage\/des-geschmacks\/\",\"url\":\"https:\/\/caliciemare.com\/de\/frontpage\/des-geschmacks\/\",\"name\":\"des Geschmacks - Calici e mare\",\"isPartOf\":{\"@id\":\"https:\/\/caliciemare.com\/de\/#website\"},\"primaryImageOfPage\":{\"@id\":\"https:\/\/caliciemare.com\/de\/frontpage\/des-geschmacks\/#primaryimage\"},\"image\":{\"@id\":\"https:\/\/caliciemare.com\/de\/frontpage\/des-geschmacks\/#primaryimage\"},\"thumbnailUrl\":\"https:\/\/caliciemare.com\/wp-content\/uploads\/2020\/05\/16-scaled.jpg\",\"datePublished\":\"2015-06-12T16:03:51+00:00\",\"dateModified\":\"2020-06-17T15:39:58+00:00\",\"breadcrumb\":{\"@id\":\"https:\/\/caliciemare.com\/de\/frontpage\/des-geschmacks\/#breadcrumb\"},\"inLanguage\":\"de\",\"potentialAction\":[{\"@type\":\"ReadAction\",\"target\":[\"https:\/\/caliciemare.com\/de\/frontpage\/des-geschmacks\/\"]}]},{\"@type\":\"ImageObject\",\"inLanguage\":\"de\",\"@id\":\"https:\/\/caliciemare.com\/de\/frontpage\/des-geschmacks\/#primaryimage\",\"url\":\"https:\/\/caliciemare.com\/wp-content\/uploads\/2020\/05\/16-scaled.jpg\",\"contentUrl\":\"https:\/\/caliciemare.com\/wp-content\/uploads\/2020\/05\/16-scaled.jpg\",\"width\":2560,\"height\":1920},{\"@type\":\"BreadcrumbList\",\"@id\":\"https:\/\/caliciemare.com\/de\/frontpage\/des-geschmacks\/#breadcrumb\",\"itemListElement\":[{\"@type\":\"ListItem\",\"position\":1,\"name\":\"Home\",\"item\":\"https:\/\/caliciemare.com\/de\/\"},{\"@type\":\"ListItem\",\"position\":2,\"name\":\"Home Page\",\"item\":\"https:\/\/caliciemare.com\/de\/\"},{\"@type\":\"ListItem\",\"position\":3,\"name\":\"des Geschmacks\"}]},{\"@type\":\"WebSite\",\"@id\":\"https:\/\/caliciemare.com\/de\/#website\",\"url\":\"https:\/\/caliciemare.com\/de\/\",\"name\":\"Calici e mare\",\"description\":\"Marina di Venezia\",\"potentialAction\":[{\"@type\":\"SearchAction\",\"target\":{\"@type\":\"EntryPoint\",\"urlTemplate\":\"https:\/\/caliciemare.com\/de\/?s={search_term_string}\"},\"query-input\":{\"@type\":\"PropertyValueSpecification\",\"valueRequired\":true,\"valueName\":\"search_term_string\"}}],\"inLanguage\":\"de\"}]}<\/script>\n<!-- \/ Yoast SEO plugin. -->","yoast_head_json":{"title":"des Geschmacks - Calici e mare","robots":{"index":"index","follow":"follow","max-snippet":"max-snippet:-1","max-image-preview":"max-image-preview:large","max-video-preview":"max-video-preview:-1"},"canonical":"https:\/\/caliciemare.com\/de\/frontpage\/des-geschmacks\/","og_locale":"de_DE","og_type":"article","og_title":"des Geschmacks - Calici e mare","og_url":"https:\/\/caliciemare.com\/de\/frontpage\/des-geschmacks\/","og_site_name":"Calici e mare","article_modified_time":"2020-06-17T15:39:58+00:00","og_image":[{"width":2560,"height":1920,"url":"https:\/\/www.caliciemare.com\/wp-content\/uploads\/2020\/05\/16.jpg","type":"image\/jpeg"}],"twitter_card":"summary_large_image","schema":{"@context":"https:\/\/schema.org","@graph":[{"@type":"WebPage","@id":"https:\/\/caliciemare.com\/de\/frontpage\/des-geschmacks\/","url":"https:\/\/caliciemare.com\/de\/frontpage\/des-geschmacks\/","name":"des Geschmacks - Calici e mare","isPartOf":{"@id":"https:\/\/caliciemare.com\/de\/#website"},"primaryImageOfPage":{"@id":"https:\/\/caliciemare.com\/de\/frontpage\/des-geschmacks\/#primaryimage"},"image":{"@id":"https:\/\/caliciemare.com\/de\/frontpage\/des-geschmacks\/#primaryimage"},"thumbnailUrl":"https:\/\/caliciemare.com\/wp-content\/uploads\/2020\/05\/16-scaled.jpg","datePublished":"2015-06-12T16:03:51+00:00","dateModified":"2020-06-17T15:39:58+00:00","breadcrumb":{"@id":"https:\/\/caliciemare.com\/de\/frontpage\/des-geschmacks\/#breadcrumb"},"inLanguage":"de","potentialAction":[{"@type":"ReadAction","target":["https:\/\/caliciemare.com\/de\/frontpage\/des-geschmacks\/"]}]},{"@type":"ImageObject","inLanguage":"de","@id":"https:\/\/caliciemare.com\/de\/frontpage\/des-geschmacks\/#primaryimage","url":"https:\/\/caliciemare.com\/wp-content\/uploads\/2020\/05\/16-scaled.jpg","contentUrl":"https:\/\/caliciemare.com\/wp-content\/uploads\/2020\/05\/16-scaled.jpg","width":2560,"height":1920},{"@type":"BreadcrumbList","@id":"https:\/\/caliciemare.com\/de\/frontpage\/des-geschmacks\/#breadcrumb","itemListElement":[{"@type":"ListItem","position":1,"name":"Home","item":"https:\/\/caliciemare.com\/de\/"},{"@type":"ListItem","position":2,"name":"Home Page","item":"https:\/\/caliciemare.com\/de\/"},{"@type":"ListItem","position":3,"name":"des Geschmacks"}]},{"@type":"WebSite","@id":"https:\/\/caliciemare.com\/de\/#website","url":"https:\/\/caliciemare.com\/de\/","name":"Calici e mare","description":"Marina di Venezia","potentialAction":[{"@type":"SearchAction","target":{"@type":"EntryPoint","urlTemplate":"https:\/\/caliciemare.com\/de\/?s={search_term_string}"},"query-input":{"@type":"PropertyValueSpecification","valueRequired":true,"valueName":"search_term_string"}}],"inLanguage":"de"}]}},"_links":{"self":[{"href":"https:\/\/caliciemare.com\/de\/wp-json\/wp\/v2\/pages\/1065","targetHints":{"allow":["GET"]}}],"collection":[{"href":"https:\/\/caliciemare.com\/de\/wp-json\/wp\/v2\/pages"}],"about":[{"href":"https:\/\/caliciemare.com\/de\/wp-json\/wp\/v2\/types\/page"}],"author":[{"embeddable":true,"href":"https:\/\/caliciemare.com\/de\/wp-json\/wp\/v2\/users\/1"}],"replies":[{"embeddable":true,"href":"https:\/\/caliciemare.com\/de\/wp-json\/wp\/v2\/comments?post=1065"}],"version-history":[{"count":6,"href":"https:\/\/caliciemare.com\/de\/wp-json\/wp\/v2\/pages\/1065\/revisions"}],"predecessor-version":[{"id":1418,"href":"https:\/\/caliciemare.com\/de\/wp-json\/wp\/v2\/pages\/1065\/revisions\/1418"}],"up":[{"embeddable":true,"href":"https:\/\/caliciemare.com\/de\/wp-json\/wp\/v2\/pages\/1061"}],"wp:featuredmedia":[{"embeddable":true,"href":"https:\/\/caliciemare.com\/de\/wp-json\/wp\/v2\/media\/1187"}],"wp:attachment":[{"href":"https:\/\/caliciemare.com\/de\/wp-json\/wp\/v2\/media?parent=1065"}],"curies":[{"name":"wp","href":"https:\/\/api.w.org\/{rel}","templated":true}]}}

<div class="gridable gridable--row" >
		
	<div class="gridable--col col-6" >
		
<hgroup class="pixcode  pixcode--heading article__headline">
	<h2 class="headline__secondary"><span class="first-letter">D</span>as Vergnügen</h2>
	<h1 class="headline__primary">des Geschmacks</h1>
</hgroup>
<hr class="pixcode  pixcode--separator  separator"/>
<p style="text-align: center;">Der Ausgangspunkt unserer Küche sind erstklassige, vorzugsweise regionale Zutaten. Unser Menü besteht aus zwei Teilen: Im ersten finden Sie die typischen Gerichte der klassischen regionalen und italienischen Tradition, im zweiten kochen wir nach unserem „Punto di Vista“ und verbinden Fusion-Küche mit innovativer Zubereitung. Auf unserer Weinkarte  finden Sie 150 Weine, auch von italienischen und französischen Top-Winzern, sowie Natur- und Bioweine. .</p>
<p>&nbsp;</p>
	</div>

	<div class="gridable--col col-6" >
		
<p><a href="http://caliciemare.com/wp-content/uploads/2020/05/primo-scaled.jpg"><img fetchpriority="high" decoding="async" class="alignnone size-large wp-image-1227" src="https://caliciemare.com/wp-content/uploads/2020/05/primo-1024x914.jpg" alt="" width="960" height="857" srcset="https://caliciemare.com/wp-content/uploads/2020/05/primo-1024x914.jpg 1024w, https://caliciemare.com/wp-content/uploads/2020/05/primo-600x536.jpg 600w, https://caliciemare.com/wp-content/uploads/2020/05/primo-300x268.jpg 300w, https://caliciemare.com/wp-content/uploads/2020/05/primo-768x686.jpg 768w, https://caliciemare.com/wp-content/uploads/2020/05/primo-1536x1371.jpg 1536w, https://caliciemare.com/wp-content/uploads/2020/05/primo-2048x1829.jpg 2048w, https://caliciemare.com/wp-content/uploads/2020/05/primo-1200x1071.jpg 1200w, https://caliciemare.com/wp-content/uploads/2020/05/primo-900x804.jpg 900w, https://caliciemare.com/wp-content/uploads/2020/05/primo-400x357.jpg 400w" sizes="(max-width: 960px) 100vw, 960px" /></a></p>
	</div>

	</div>

Das Vergnügen des Geschmacks Der Ausgangspunkt unserer Küche sind erstklassige, vorzugsweise regionale Zutaten. Unser Menü besteht aus zwei Teilen: Im ersten finden Sie die typischen Gerichte der klassischen regionalen und italienischen Tradition, im zweiten kochen wir nach unserem „Punto di Vista“ und verbinden Fusion-Küche mit innovativer Zubereitung. Auf unserer Weinkarte finden Sie 150 Weine, auch [...]
